6 = -l*f. What are the prime factors of (207/15)/(f/10)?
3, 23
Let x(i) = 5*i**3 - 7*i**2 + i + 2. Let z(a) = a**3 - a**2 + a + 1. Let v(m) = -x(m) + 4*z(m). Suppose 2*f - 12 = -2*f. List the prime factors of v(f).
11
Suppose -3*c = -x - 4*c + 460, 5*c = 15. Suppose 5*p = 4*p + x. What are the prime factors of p?
457
Let b(m) be the first derivative of 13*m**3/3 + 15*m**2/2 - 20*m - 253. What are the prime factors of b(11)?
2, 859
Let a(s) = -17 + 52*s + 17*s - 25*s + 27*s. Let r(y) = 7*y - 67. Let z be r(10). List the prime factors of a(z).
2, 7
Suppose 4*y - 2*r - 13140 = 0, 1767 + 1515 = y + r. Let l = -1955 + y. What are the prime factors of l?
3, 443
Suppose -9*r + 12*r + 18*r = 1272558. List the prime factors of r.
2, 41, 739
Suppose 5785 = 5*d + 475. Let b = -344 + d. List the prime factors of b.
2, 359
Suppose -w + 2*w = -d + 118, 0 = 2*w - d - 227. Let v = 201 - w. List the prime factors of v.
2, 43
Let p = 219 + -214. Suppose -z - 1056 = -r + 232, -r + 1300 = p*z. What are the prime factors of r?
2, 3, 5, 43
Let g be (4/(-14))/((-15)/105). Suppose 2*w + w = -g*p + 1702, -w + 574 = 2*p. List the prime factors of (w/15)/((-6)/(-15)).
2, 47
Let g(y) = -y**2 - 9*y - 2. Let u be g(-10). Let c(d) = 2*d + 20. Let r be c(u). List the prime factors of r - 6/(-3) - 1505/(-7).
3, 71
Let n(o) be the third derivative of 17*o**5/30 - 5*o**4/12 - 15*o**3/2 - 12*o**2. What are the prime factors of n(-4)?
7, 11
Let l = 915 + -500. Suppose -p - 47 = -l. What are the prime factors of p?
2, 23
Suppose 4*h + 24226 - 122338 = 75872. What are the prime factors of h?
2, 5437
Let f(x) = -x**2 - 7*x + 4. Suppose c = 3*o + 20, 3*o = 8*c - 4*c - 35. Let g be (-19)/c - 7/35. List the prime factors of f(g).
2
Suppose -x - 1 = 0, -15068 + 2825 = -5*a + 3*x. What are the prime factors of a?
2, 3, 17
Let d be ((-64)/(-48))/(2/12). Suppose -d - 49 = -3*j. Suppose 4*p + 3*w = 64, 4*p + w - 75 = -j. List the prime factors of p.
13
Suppose -2*f + 2*y = -2, 3*f - y = f. Let r be ((-22)/8)/(6/24). List the prime factors of (-715)/r + 1*f.
2
Let m(s) = -s**3 - s**2 - s - 4. Let b be m(-3). Suppose -74 = -2*y + 4*u, -y + u = 4*u - b. Suppose 200 = y*q - 27*q. What are the prime factors of q?
2, 5
Let r(m) = -19*m**3 + 14*m**2 - 10*m - 11. List the prime factors of r(-6).
4657
List the prime factors of 18/(-171) + 5/(95/90252).
2, 5, 19
Let g(m) = m**3 + 6*m**2 - 10*m - 2. Let q be g(-7). Suppose -12 = q*y - 20*y. List the prime factors of (y/(-16))/(1/4) - -70.
67
Suppose -4*y - 8*h + 4*h - 6584 = 0, 8234 = -5*y - 4*h. Let m = -895 - y. What are the prime factors of m?
5, 151
Suppose -73368 - 43705 = -4*o + 5*c, 3 = c. What are the prime factors of o?
2, 3659
Let r(w) = 3*w**2 - 4*w - 44. Let j = 78 - 69. What are the prime factors of r(j)?
163
Let p = -135082 - -191208. What are the prime factors of p?
2, 7, 19, 211
Suppose 0 = -5*s - 4*j + 20, -3*s + 10 = -2*s + 2*j. Suppose s = 7*t - 2*t - 45. What are the prime factors of 3/t*2*90/4?
3, 5
Suppose -928*o - 10240 = -936*o. Let h be (-20)/6*(-12)/8. Suppose -h*w = 5*w - o. What are the prime factors of w?
2
Let c = 342 - 327. List the prime factors of -8 - -6*25/c.
2
Let b = 4349 + 8541. List the prime factors of b.
2, 5, 1289
Suppose -k = -10*k + 42282. What are the prime factors of k?
2, 3, 29
Suppose 0 = -75*y + 24118 + 65882. What are the prime factors of y?
2, 3, 5
List the prime factors of (2 + (-9893)/(-2))*(-9 + 17 + -6).
3, 3299
Suppose -8*s + 4*s = 64. Let n = s + 34. What are the prime factors of (n/10)/3 - (-2112)/55?
3, 13
Suppose 47*u - 50*u + 22756 = 4*c, -u + 2*c + 7582 = 0. What are the prime factors of u?
2, 3, 79
Let l(v) = 307*v**3 - 4*v**2 - 13*v + 30. List the prime factors of l(2).
2, 13, 47
Let g be (-120438)/(-36) - 2/(-4). Suppose 0 = -15*r + 8*r + g. List the prime factors of r.
2, 239
List the prime factors of (-2)/10 - ((-59478)/15 - -5).
2, 3, 5, 11
Let a = 50701 + -28880. What are the prime factors of a?
21821
Let j(p) = -105 - 100 + 3*p + 136. Let g be j(21). List the prime factors of (-1)/2*((-2390)/5 - g).
2, 59
Let s(w) = -10*w**3 - 10*w**2 - 5*w + 8. Let z be s(-4). Let p = -129 + z. List the prime factors of p.
379
Suppose 16*d - 7*d = 18225. Let c = d - 644. What are the prime factors of c?
1381
Let b(p) be the first derivative of 10*p**3/3 - p**2 - 10*p - 1026. Suppose -6 = 3*h - 0. List the prime factors of b(h).
2, 17
Let v be (8/6)/(65/15 - 4). Let k(o) = -v - 27*o**2 + 23*o**2 + 10*o - o**3 + 12*o**2. What are the prime factors of k(7)?
5, 23
Let a(n) = 200 - n**2 + 137 + 2*n + 0*n**2. What are the prime factors of a(0)?
337
Let t(f) = -f - 11. Let r be t(-9). Let o(m) = -43*m**2 - 7*m. Let x(k) = k**2 - k. Let d(q) = -o(q) + 6*x(q). What are the prime factors of d(r)?
2, 97
Let z be -216 - ((-4)/2)/(4/(-6)). Let p = z + 398. What are the prime factors of p?
179
Let v = -36949 + 55290. List the prime factors of v.
18341
List the prime factors of (1705335/(-138))/(5/(-20)).
2, 5, 4943
Suppose 3*u + 2*c = 15286, 0 = u - 19*c + 16*c - 5110. List the prime factors of u.
2, 2549
List the prime factors of (5 - 1)/(1/(-12601)*200/(-50)).
12601
Let j(h) = -28*h**2 - 964*h - 57. What are the prime factors of j(-33)?
3, 421
Suppose -2871 = 4184*n - 4213*n. What are the prime factors of n?
3, 11
Let p = -296 + 300. Let z(x) = 21*x**2 + 2*x + 1. List the prime factors of z(p).
3, 5, 23
Suppose -u - 4*g + 588 = 3*u, 25 = 5*g. Let t = u - 82. Let m = t - -18. List the prime factors of m.
2, 3, 13
Suppose -b + 149 = -57. Let y(w) = 2*w**2 - 8*w. Let t be y(10). Let n = b - t. What are the prime factors of n?
2, 43
Let s(u) be the second derivative of -u**5/20 - 3*u**4/4 + 5*u**3/3 + 3*u**2/2 - 13*u. Let d be s(-10). List the prime factors of 17*d*10/15.
2, 17
Suppose -11 = l - b, b = -4*l - 21 - 23. Let v = l + 11. Let a(m) = -2*m + 21. List the prime factors of a(v).
3, 7
Let n(d) = 6*d - 37 - 7*d - d. Let t be n(-17). What are the prime factors of (3/(15/(-2)))/(t/1425)?
2, 5, 19
Suppose -5*j + 3337 = b, 3*b + 3329 = 5*j - 0*j. Let o = j - 326. List the prime factors of o.
11, 31
Let w = -388 + 397. What are the prime factors of ((-1124)/w)/((-4)/18)?
2, 281
Let p be -2*(-1)/14 + 822/(-21). Let z = 36 + p. List the prime factors of 7/(((-152)/(-52) + z)/(-1)).
7, 13
Let a = -14 - -16. Suppose 0 = -m + 5*o - 2 + 13, -4*m + 2*o + 8 = 0. What are the prime factors of (a/(-3))/m*(-1071)/6?
7, 17
Let p be 4 - 30/12 - (-18)/4. Suppose 1195 = p*u - 3*u + k, -3*k = -3. List the prime factors of u.
2, 199
Let k = 4325 + 495. Suppose -k = a - 5*a. List the prime factors of a.
5, 241
Let s be 50/40*2*2. Suppose -v - 15 = -2*r, 3*r + s*v - 2 = -12. Suppose -r*b + 105 + 65 = 0. What are the prime factors of b?
2, 17
Let d(j) be the first derivative of 3*j**2/2 + 3*j - 15. Let z be d(1). Suppose -3*o = z, 2*u + 3*o = -o + 442. What are the prime factors of u?
3, 5
Suppose 320 = -4*c + c + n, -3*n = -2*c - 211. Let s = c + 543. What are the prime factors of s?
2, 109
Let f be (-4)/3*1614/(-4). Suppose 63*o - 61*o = f. What are the prime factors of o?
269
Suppose -16 = -4*d, -2*d = -4*g + 2*d - 764. Let f = 122 - g. List the prime factors of f.
3, 103
What are the prime factors of (-1 + (5 - -5))*(11 - -666)?
3, 677
Let w = -31893 - -48232. What are the prime factors of w?
16339
Let i = 22128 + 48320. What are the prime factors of i?
2, 7, 17, 37
Let v be (-5)/(110/4) - (-4)/22. What are the prime factors of (v - -24)/(133/42 - 3)?
2, 3
Let b = -89 - -149. Suppose -5*v = -5*g - 215, 0 = -5*v + 2*g - g + 207. Let i = b - v. What are the prime factors of i?
19
Suppose 0 = 32*b - 34*b - 2*m + 10166, -3*b + 15224 = -2*m. List the prime factors of b.
2, 2539
Suppose -70*i - 4184 = -62*i. Let p = -423 - i. What are the prime factors of p?
2, 5
Let f = 4937 + 1305. List the prime factors of f.
2, 3121
Let c(s) = -5523*s**3 + 32*s**2 + 45*s - 30. What are the prime factors of c(-2)?
2, 1381
Let t = -3298 + 14064. What are the prime factors of t?
2, 7, 769
Let x(a) = a**3 - 9*a**2 + 9*a - 10. Let k be x(8). List the prime factors of k/(-8)*(694 + -2*1).
173
Let u = 958 + -1116. Let d = u + 724. List the prime factors of d.
2, 283
Suppose -2*x + 3026 = 278. Suppose 3*p = -3*j + 1289 - 254, -4*j - p = -x. Suppose -